 181500?
False
Does 28 divide 2773596?
True
Is 32 a factor of 1674886?
False
Is 5197020 a multiple of 4?
True
Is 315296 a multiple of 10?
False
Is 100345 a multiple of 427?
True
Is 65588 a multiple of 19?
True
Is 111958 a multiple of 22?
True
Is 178 a factor of 14585?
False
Does 6 divide 452718?
True
Does 85 divide 874720?
False
Is 21 a factor of 68544?
True
Is 203476 a multiple of 26?
True
Is 600096 a multiple of 266?
True
Is 135308 a multiple of 61?
False
Does 25 divide 1110250?
True
Is 30 a factor of 677742?
False
Does 90 divide 58950?
True
Does 18 divide 1026720?
True
Does 15 divide 10936695?
True
Does 39 divide 952731?
True
Does 12 divide 567399?
False
Is 330 a factor of 3055026?
False
Does 12 divide 55548?
True
Is 16 a factor of 44029?
False
Is 9540320 a multiple of 40?
True
Does 6 divide 1337721?
False
Does 7 divide 613448?
False
Is 33 a factor of 37840?
False
Is 11 a factor of 124718?
True
Is 131500 a multiple of 100?
True
Is 9 a factor of 2725992?
True
Is 27 a factor of 164606?
False
Is 203026 a multiple of 99?
False
Does 132 divide 242616?
True
Is 190632 a multiple of 141?
True
Is 105 a factor of 12285?
True
Does 165 divide 613470?
True
Is 5554367 a multiple of 91?
True
Does 558 divide 12726978?
False
Is 540618 a multiple of 174?
True
Does 223 divide 1176548?
True
Does 219 divide 10079913?
True
Is 695520 a multiple of 9?
True
Is 2790801 a multiple of 39?
True
Is 249 a factor of 486546?
True
Is 91 a factor of 1031693?
False
Is 116887 a multiple of 62?
False
Does 589 divide 51832?
True
Does 8 divide 1078416?
True
Is 191983 a multiple of 31?
True
Does 99 divide 109890?
True
Is 1247 a factor of 734483?
True
Is 115843 a multiple of 9?
False
Is 520 a factor of 31682560?
True
Does 10 divide 5806930?
True
Is 4 a factor of 245696?
True
Does 16 divide 163552?
True
Is 158 a factor of 309838?
True
Is 287945 a multiple of 35?
True
Is 62 a factor of 108970?
False
Does 51 divide 581873?
False
Does 19 divide 511472?
False
Is 7447262 a multiple of 172?
False
Is 505275 a multiple of 15?
True
Is 235533 a multiple of 335?
False
Is 38 a factor of 94579?
False
Is 100 a factor of 158251?
False
Does 58 divide 10208?
True
Does 108 divide 396335?
False
Is 10537870 a multiple of 35?
True
Is 9 a factor of 955972?
False
Is 11 a factor of 13974466?
True
Does 57 divide 293450?
False
Is 26013 a multiple of 39?
True
Is 87 a factor of 173391?
True
Is 10846168 a multiple of 57?
False
Is 37817 a multiple of 2?
False
Is 91098 a multiple of 54?
True
Does 38 divide 1603857?
False
Is 5938065 a multiple of 41?
False
Is 5046194 a multiple of 8?
False
Is 378 a factor of 169210?
False
Does 133 divide 92701?
True
Is 30 a factor of 1027050?
True
Is 19 a factor of 1168192?
False
Does 48 divide 1660560?
True
Is 2758646 a multiple of 11?
True
Is 84 a factor of 1484403?
False
Is 9929821 a multiple of 6?
False
Does 12 divide 558791?
False
Is 23 a factor of 267216?
False
Is 9840 a multiple of 60?
True
Is 593664 a multiple of 48?
True
Is 660894 a multiple of 39?
True
Is 1107496 a multiple of 52?
True
Does 7 divide 5600966?
True
Is 706244 a multiple of 77?
True
Is 395328 a multiple of 71?
True
Is 19 a factor of 10024964?
False
Is 17 a factor of 68078?
False
Is 641 a factor of 469322?
False
Does 13 divide 12687937?
False
Is 144 a factor of 3541?
False
Is 1227 a factor of 2540392?
False
Does 9 divide 715797?
True
Is 237 a factor of 788262?
True
Does 518 divide 307350?
False
Does 50 divide 2498150?
True
Is 550273 a multiple of 209?
False
Is 13 a factor of 155559?
False
Does 10 divide 426610?
True
Is 363637 a multiple of 23?
False
Does 114 divide 984276?
True
Is 1770241 a multiple of 253?
True
Is 33 a factor of 204765?
True
Does 27 divide 429922?
False
Is 147471 a multiple of 419?
False
Is 16 a factor of 1482263?
False
Does 69 divide 861293?
False
Is 908 a factor of 9704554?
False
Does 19 divide 12711688?
False
Is 11 a factor of 2256295?
False
Is 486 a factor of 241542?
True
Is 62712 a multiple of 52?
True
Is 29 a factor of 84093?
False
Does 1127 divide 2043972?
False
Is 833 a factor of 872085?
False
Is 14913352 a multiple of 20?
False
Is 56 a factor of 226451?
False
Is 118 a factor of 7175367?
False
Does 943 divide 3012885?
True
Is 41 a factor of 33456?
True
Does 879 divide 868452?
True
Is 1011329 a multiple of 5?
False
Is 7 a factor of 259133?
True
Is 2 a factor of 2507807?
False
Is 17 a factor of 6450517?
False
Does 2 divide 20509?
False
Does 41 divide 87316?
False
Does 227 divide 173201?
True
Is 1723653 a multiple of 728?
False
Is 6882955 a multiple of 1690?
False
Does 380 divide 307420?
True
Is 25 a factor of 470686?
False
Is 313 a factor of 1672436?
False
Does 230 divide 2615121?
False
Does 47 divide 1480406?
True
Does 12 divide 1989047?
False
Is 22473 a multiple of 46?
False
Is 493 a factor of 193798?
False
Is 5618888 a multiple of 67?
True
Is 68 a factor of 450160?
True
Is 149 a factor of 106982?
True
Does 11 divide 1029446?
True
Does 109 divide 1889560?
False
Is 103446 a multiple of 63?
True
Does 2 divide 27543?
False
Is 1035382 a multiple of 491?
False
Is 175255 a multiple of 19?
False
Does 24 divide 82637?
False
Is 3895854 a multiple of 382?
False
Is 11 a factor of 220713?
False
Is 16 a factor of 72752?
True
Is 694723 a multiple of 204?
False
Does 36 divide 93924?
True
Is 10 a factor of 15670?
True
Is 8 a factor of 87456?
True
Does 594 divide 706860?
True
Does 42 divide 31836?
True
Is 1415256 a multiple of 872?
True
Is 264 a factor of 498960?
True
Is 22 a factor of 47048?
False
Is 100 a factor of 82998?
False
Does 49 divide 70511?
True
Is 353 a factor of 3987792?
False
Does 34 divide 626518?
True
Is 246814 a multiple of 55?
False
Is 139194 a multiple of 6?
True
Is 4 a factor of 91753?
False
Is 22 a factor of 413768?
False
Is 181880 even?
True
Is 35362 a multiple of 14?
False
Is 54 a factor of 97794?
True
Is 840631 a multiple of 131?
False
Is 44 a factor of 5655364?
True
Does 496 divide 284513?
False
Is 5 a factor of 1421040?
True
Is 158355 a multiple of 51?
True
Does 2 divide 36?
True
Is 30 a factor of 189929?
False
Does 570 divide 1992720?
True
Does 23 divide 664976?
True
Is 1646757 a multiple of 63?
True
Does 5 divide 3512035?
True
Does 343 divide 1770909?
True
Is 36630 a multiple of 74?
True
Is 327 a factor of 3834588?
False
Is 14351370 a multiple of 879?
False
Is 286748 a multiple of 11?
True
Is 492 a factor of 754733?
False
Is 135 a factor of 291600?
True
Is 1873688 a multiple of 615?
False
Is 7 a factor of 38045?
True
Is 184905 a multiple of 21?
True
Is 42147 a multiple of 27?
True
Is 8131 a multiple of 2?
False
Is 2491660 a multiple of 20?
True
Is 120 a factor of 232486?
False
Is 451 a factor of 421104?
False
Does 369 divide 1518066?
True
Does 9 divide 4412930?
False
Does 95 divide 1606190?
False
Is 3124 a multiple of 25?
False
Is 27 a factor of 2327562?
True
Is 25 a factor of 2840104?
False
Does 93 divide 6169001?
False
Does 24 divide 6321559?
False
Is 8 a factor of 62166?
False
Is 109726 a multiple of 24?
False
Is 14024023 a multiple of 377?
True
Is 518 a factor of 1833202?
True
Is 2917363 a multiple of 14?
False
Is 19230 a multiple of 15?
True
Does 28 divide 536088?
True
Does 66 divide 26400?
True
Does 415 divide 881045?
True
Is 263 a factor of 2011950?
True
Is 937746 a multiple of 10?
False
Is 873540 a multiple of 276?
True
Is 6 a factor of 3571872?
True
Does 158 divide 210038?
False
Is 624505 a multiple of 58?
False
Is 24 a factor of 2660184?
True
Is 95 a factor of 985796?
False
Is 16105 a multiple of 10?
False
Is 12 a factor of 9291?
False
Is 497041 a multiple of 49?
False
Is 23653 a multiple of 56?
False
Does 17 divide 486776?
False
Does 12 divide 1531666?
False
Is 12453743 a multiple of 19?
False
Is 17 a factor of 104419?
False
Is 6 a factor of 4210398?
True
Is 20 a factor of 124700?
True
Does 137 divide 4324936?
False
Is 201831 a multiple of 7?
True
Is 33 a factor of 542850?
True
Does 426 divide 63852?
False
Is 628938 a multiple of 9?
True
Is 36 a factor of 4250304?
True
Does 74 divide 298765?
False
Does 15 divide 4677210?
True
Is 2 a factor of 86200?
True
Does 72 divide 8643?
False
Does 38 divide 8480348?
False
Is 475 a factor of 784225?
True
Is 14 a factor of 930446?
False
Is 18 a factor of 26928?
True
Is 23715 a multiple of 527?
True
Is 939896 a multiple o